{"id":1008,"date":"2021-06-03T20:00:25","date_gmt":"2021-06-03T20:00:25","guid":{"rendered":"https:\/\/acoinpre.com\/?page_id=1008"},"modified":"2022-11-17T20:55:19","modified_gmt":"2022-11-17T20:55:19","slug":"suspension","status":"publish","type":"page","link":"https:\/\/acoinpre.com\/?page_id=1008","title":{"rendered":"suspensi\u00f3n"},"content":{"rendered":"\t\t<div data-elementor-type=\"wp-page\" data-elementor-id=\"1008\" class=\"elementor elementor-1008\" data-elementor-settings=\"[]\">\n\t\t\t\t\t\t<div class=\"elementor-inner\">\n\t\t\t\t\t\t\t<div class=\"elementor-section-wrap\">\n\t\t\t\t\t\t\t<section class=\"elementor-section elementor-top-section elementor-element elementor-element-039bb33 elementor-section-boxed elementor-section-height-default elementor-section-height-default\" data-id=\"039bb33\" data-element_type=\"section\">\n\t\t\t\t\t\t<div class=\"elementor-container elementor-column-gap-default\">\n\t\t\t\t\t\t\t<div class=\"elementor-row\">\n\t\t\t\t\t<div class=\"aux-parallax-section elementor-column elementor-col-100 elementor-top-column elementor-element elementor-element-767b983\" data-id=\"767b983\" data-element_type=\"column\">\n\t\t\t<div class=\"elementor-column-wrap elementor-element-populated\">\n\t\t\t\t\t\t\t<div class=\"elementor-widget-wrap\">\n\t\t\t\t\t\t<div class=\"elementor-element elementor-element-8753115 elementor-widget elementor-widget-heading\" data-id=\"8753115\" data-element_type=\"widget\" data-widget_type=\"heading.default\">\n\t\t\t\t<div class=\"elementor-widget-container\">\n\t\t\t<h2 class=\"elementor-heading-title elementor-size-default\">SUSPENSI\u00d3N Y RETIRO DE LA CERTIFICACI\u00d3N<\/h2>\t\t<\/div>\n\t\t\t\t<\/div>\n\t\t\t\t\t\t<\/div>\n\t\t\t\t\t<\/div>\n\t\t<\/div>\n\t\t\t\t\t\t\t\t<\/div>\n\t\t\t\t\t<\/div>\n\t\t<\/section>\n\t\t\t\t<section class=\"elementor-section elementor-top-section elementor-element elementor-element-1b3f4d9 elementor-section-boxed elementor-section-height-default elementor-section-height-default\" data-id=\"1b3f4d9\" data-element_type=\"section\">\n\t\t\t\t\t\t<div class=\"elementor-container elementor-column-gap-default\">\n\t\t\t\t\t\t\t<div class=\"elementor-row\">\n\t\t\t\t\t<div class=\"aux-parallax-section elementor-column elementor-col-100 elementor-top-column elementor-element elementor-element-5a05982\" data-id=\"5a05982\" data-element_type=\"column\">\n\t\t\t<div class=\"elementor-column-wrap elementor-element-populated\">\n\t\t\t\t\t\t\t<div class=\"elementor-widget-wrap\">\n\t\t\t\t\t\t<div class=\"elementor-element elementor-element-d18e21d elementor-widget elementor-widget-heading\" data-id=\"d18e21d\" data-element_type=\"widget\" data-widget_type=\"heading.default\">\n\t\t\t\t<div class=\"elementor-widget-container\">\n\t\t\t<h2 class=\"elementor-heading-title elementor-size-large\">Criterios de suspensi\u00f3n de la certificaci\u00f3n<\/h2>\t\t<\/div>\n\t\t\t\t<\/div>\n\t\t\t\t\t\t<\/div>\n\t\t\t\t\t<\/div>\n\t\t<\/div>\n\t\t\t\t\t\t\t\t<\/div>\n\t\t\t\t\t<\/div>\n\t\t<\/section>\n\t\t\t\t<section class=\"elementor-section elementor-top-section elementor-element elementor-element-266caf2 elementor-section-boxed elementor-section-height-default elementor-section-height-default\" data-id=\"266caf2\" data-element_type=\"section\">\n\t\t\t\t\t\t<div class=\"elementor-container elementor-column-gap-default\">\n\t\t\t\t\t\t\t<div class=\"elementor-row\">\n\t\t\t\t\t<div class=\"aux-parallax-section elementor-column elementor-col-100 elementor-top-column elementor-element elementor-element-f2a0520\" data-id=\"f2a0520\" data-element_type=\"column\">\n\t\t\t<div class=\"elementor-column-wrap elementor-element-populated\">\n\t\t\t\t\t\t\t<div class=\"elementor-widget-wrap\">\n\t\t\t\t\t\t<div class=\"elementor-element elementor-element-2d1d9b8 elementor-widget elementor-widget-text-editor\" data-id=\"2d1d9b8\" data-element_type=\"widget\" data-widget_type=\"text-editor.default\">\n\t\t\t\t<div class=\"elementor-widget-container\">\n\t\t\t\t\t\t\t\t<div class=\"elementor-text-editor elementor-clearfix\">\n\t\t\t\t<p><span style=\"font-weight: 400;\">La certificaci\u00f3n otorgada es susceptible de ser suspendida por ACOINPRE, cuando:<\/span><\/p><ul><li style=\"font-weight: 400;\" aria-level=\"1\"><span style=\"font-weight: 400;\">Existen indicios que el cliente ha hecho uso indebido o ilegal del Certificado de conformidad (falsificaciones, alteraciones, o copias o duplicados del Certificado)<\/span><\/li><li style=\"font-weight: 400;\" aria-level=\"1\"><span style=\"font-weight: 400;\">Se ha demostrado que en uso de la certificaci\u00f3n la persona ha incurrido en conductas que contravienen con los principios \u00e9ticos de las empresas a las cuales se encuentran vinculados o en su defecto contra la Ley.<\/span><\/li><li style=\"font-weight: 400;\" aria-level=\"1\"><span style=\"font-weight: 400;\">El cliente falla en el cumplimiento de los requisitos Comerciales, incluyendo el incumplimiento en el pago de los servicios de certificaci\u00f3n o de las evaluaciones de vigilancia y renovaci\u00f3n.<\/span><\/li><li style=\"font-weight: 400;\" aria-level=\"1\"><span style=\"font-weight: 400;\">El cliente no se presenta a la realizaci\u00f3n de la evaluaci\u00f3n de seguimiento establecida para realizar la vigilancia, o no aprueba alguna de ellas, en cuyo caso podr\u00e1 presentarse a una evaluaci\u00f3n de seguimiento supletoria en m\u00e1ximo tres (3) meses contados a partir de la fecha inicial, la cual tendr\u00e1 un costo del 50% del valor de la evaluaci\u00f3n de vigilancia.<\/span><\/li><li style=\"font-weight: 400;\" aria-level=\"1\"><span style=\"font-weight: 400;\">Cuando la persona certificada ha tenido cambios en su Condici\u00f3n F\u00edsica durante la validez del Certificado, y no inform\u00f3 de dicha condici\u00f3n al organismo con el fin de que se eval\u00fae si se puede poner en riesgo su Competencia Certificada.<\/span><\/li><li style=\"font-weight: 400;\" aria-level=\"1\"><span style=\"font-weight: 400;\">Cuando existan indicios de que la persona certificada no ha mantenido reserva necesaria con respecto a la metodolog\u00eda y los procedimientos utilizados por el Organismo para el proceso de certificaci\u00f3n, y producto de ello se ve vulnerada la imparcialidad para procesos de certificaci\u00f3n posteriores realizados a otros candidatos.<\/span><\/li><li style=\"font-weight: 400;\" aria-level=\"1\"><span style=\"font-weight: 400;\">Por solicitud del Cliente bajo an\u00e1lisis de la justificaci\u00f3n por parte del Director T\u00e9cnico.<\/span><\/li><\/ul>\t\t\t\t\t<\/div>\n\t\t\t\t\t\t<\/div>\n\t\t\t\t<\/div>\n\t\t\t\t\t\t<\/div>\n\t\t\t\t\t<\/div>\n\t\t<\/div>\n\t\t\t\t\t\t\t\t<\/div>\n\t\t\t\t\t<\/div>\n\t\t<\/section>\n\t\t\t\t<section class=\"elementor-section elementor-top-section elementor-element elementor-element-a6c0f35 elementor-section-boxed elementor-section-height-default elementor-section-height-default\" data-id=\"a6c0f35\" data-element_type=\"section\">\n\t\t\t\t\t\t<div class=\"elementor-container elementor-column-gap-default\">\n\t\t\t\t\t\t\t<div class=\"elementor-row\">\n\t\t\t\t\t<div class=\"aux-parallax-section elementor-column elementor-col-100 elementor-top-column elementor-element elementor-element-4c756a3\" data-id=\"4c756a3\" data-element_type=\"column\">\n\t\t\t<div class=\"elementor-column-wrap elementor-element-populated\">\n\t\t\t\t\t\t\t<div class=\"elementor-widget-wrap\">\n\t\t\t\t\t\t<div class=\"elementor-element elementor-element-524934e elementor-widget elementor-widget-heading\" data-id=\"524934e\" data-element_type=\"widget\" data-widget_type=\"heading.default\">\n\t\t\t\t<div class=\"elementor-widget-container\">\n\t\t\t<h2 class=\"elementor-heading-title elementor-size-large\">Criterios para retirar la certificaci\u00f3n<\/h2>\t\t<\/div>\n\t\t\t\t<\/div>\n\t\t\t\t\t\t<\/div>\n\t\t\t\t\t<\/div>\n\t\t<\/div>\n\t\t\t\t\t\t\t\t<\/div>\n\t\t\t\t\t<\/div>\n\t\t<\/section>\n\t\t\t\t<section class=\"elementor-section elementor-top-section elementor-element elementor-element-6b3f799 elementor-section-boxed elementor-section-height-default elementor-section-height-default\" data-id=\"6b3f799\" data-element_type=\"section\">\n\t\t\t\t\t\t<div class=\"elementor-container elementor-column-gap-default\">\n\t\t\t\t\t\t\t<div class=\"elementor-row\">\n\t\t\t\t\t<div class=\"aux-parallax-section elementor-column elementor-col-100 elementor-top-column elementor-element elementor-element-8378ca7\" data-id=\"8378ca7\" data-element_type=\"column\">\n\t\t\t<div class=\"elementor-column-wrap elementor-element-populated\">\n\t\t\t\t\t\t\t<div class=\"elementor-widget-wrap\">\n\t\t\t\t\t\t<div class=\"elementor-element elementor-element-c16c562 elementor-widget elementor-widget-text-editor\" data-id=\"c16c562\" data-element_type=\"widget\" data-widget_type=\"text-editor.default\">\n\t\t\t\t<div class=\"elementor-widget-container\">\n\t\t\t\t\t\t\t\t<div class=\"elementor-text-editor elementor-clearfix\">\n\t\t\t\t<p><span style=\"font-weight: 400;\">Criterios para retirar la certificaci\u00f3n:<\/span><\/p><p><span style=\"font-weight: 400;\">La certificaci\u00f3n otorgada es susceptible de ser retirada por ACOINPRE, cuando:<\/span><\/p><ul><li style=\"font-weight: 400;\" aria-level=\"1\"><span style=\"font-weight: 400;\">Se cuenta con pruebas suficientes para demostrar que el cliente ha hecho uso indebido o ilegal del Certificado de conformidad (falsificaciones, alteraciones, o copias o duplicados del Certificado)<\/span><\/li><li style=\"font-weight: 400;\" aria-level=\"1\"><span style=\"font-weight: 400;\">Se ha demostrado que en uso de la certificaci\u00f3n la persona ha incurrido en conductas que contravienen con los principios \u00e9ticos de las empresas a las cuales se encuentran vinculados o en su defecto contra la Ley, y producto de ello el nombre o reputaci\u00f3n del Organismo puede ponerse en riesgo.<\/span><\/li><li style=\"font-weight: 400;\" aria-level=\"1\"><span style=\"font-weight: 400;\">Cuando la persona certificada ha tenido cambios en su condici\u00f3n f\u00edsica durante la validez del Certificado, y al evaluar se evidencia que dichos cambios impiden el mantenimiento de la Competencia Certificada.<\/span><\/li><li style=\"font-weight: 400;\" aria-level=\"1\"><span style=\"font-weight: 400;\">Cuando un cliente no aprob\u00f3 alguna de las pruebas supletorias a las cuales tiene derecho al realizar las actividades de vigilancia.<\/span><\/li><li style=\"font-weight: 400;\" aria-level=\"1\"><span style=\"font-weight: 400;\">Cuando se cuenta con pruebas suficientes para demostrar que la persona certificada no ha mantenido reserva necesaria con respecto a la metodolog\u00eda y los procedimientos utilizados por el Organismo para el proceso de certificaci\u00f3n, y producto de ello se ve vulnerada la imparcialidad para procesos de certificaci\u00f3n posteriores realizados a otros candidatos.<\/span><\/li><li style=\"font-weight: 400;\" aria-level=\"1\"><span style=\"font-weight: 400;\">Por solicitud del Cliente bajo an\u00e1lisis de la justificaci\u00f3n por parte del Director T\u00e9cnico cuando el certificado ha expirado.<\/span><\/li><\/ul><p><span style=\"font-weight: 400;\">Los Estados \u201cSUSPENDIDO\u201d y \u201cRETIRADO\u201d, al igual que \u201cVENCIDO\u201d, ser\u00e1n publicados por ACOINPRE en la p\u00e1gina<\/span><a href=\"http:\/\/www.acoinpre.org\"> <span style=\"font-weight: 400;\">www.acoinpre.org<\/span><\/a><span style=\"font-weight: 400;\"> para consulta de las partes interesadas.<\/span><\/p>\t\t\t\t\t<\/div>\n\t\t\t\t\t\t<\/div>\n\t\t\t\t<\/div>\n\t\t\t\t\t\t<\/div>\n\t\t\t\t\t<\/div>\n\t\t<\/div>\n\t\t\t\t\t\t\t\t<\/div>\n\t\t\t\t\t<\/div>\n\t\t<\/section>\n\t\t\t\t\t\t<\/div>\n\t\t\t\t\t\t<\/div>\n\t\t\t\t\t<\/div>\n\t\t","protected":false},"excerpt":{"rendered":"<p>SUSPENSI\u00d3N Y RETIRO DE LA CERTIFICACI\u00d3N Criterios de suspensi\u00f3n de la certificaci\u00f3n La certificaci\u00f3n otorgada es susceptible de ser suspendida por ACOINPRE, cuando: Existen indicios que el cliente ha hecho uso indebido o ilegal del Certificado de conformidad (falsificaciones, alteraciones, o copias o duplicados del Certificado) Se ha demostrado que en uso de la certificaci\u00f3n [&hellip;]<\/p>\n","protected":false},"author":1,"featured_media":0,"parent":0,"menu_order":0,"comment_status":"closed","ping_status":"closed","template":"","meta":[],"yoast_head":"<!-- This site is optimized with the Yoast SEO plugin v18.2 - https:\/\/yoast.com\/wordpress\/plugins\/seo\/ -->\n<title>suspensi\u00f3n - ACOINPRE.COM<\/title>\n<meta name=\"robots\" content=\"index, follow, max-snippet:-1, max-image-preview:large, max-video-preview:-1\" \/>\n<link rel=\"canonical\" href=\"https:\/\/acoinpre.com\/?page_id=1008\" \/>\n<meta property=\"og:locale\" content=\"es_ES\" \/>\n<meta property=\"og:type\" content=\"article\" \/>\n<meta property=\"og:title\" content=\"suspensi\u00f3n - ACOINPRE.COM\" \/>\n<meta property=\"og:description\" content=\"SUSPENSI\u00d3N Y RETIRO DE LA CERTIFICACI\u00d3N Criterios de suspensi\u00f3n de la certificaci\u00f3n La certificaci\u00f3n otorgada es susceptible de ser suspendida por ACOINPRE, cuando: Existen indicios que el cliente ha hecho uso indebido o ilegal del Certificado de conformidad (falsificaciones, alteraciones, o copias o duplicados del Certificado) Se ha demostrado que en uso de la certificaci\u00f3n [&hellip;]\" \/>\n<meta property=\"og:url\" content=\"https:\/\/acoinpre.com\/?page_id=1008\" \/>\n<meta property=\"og:site_name\" content=\"ACOINPRE.COM\" \/>\n<meta property=\"article:publisher\" content=\"https:\/\/www.facebook.com\/asociacion.acoinpre\" \/>\n<meta property=\"article:modified_time\" content=\"2022-11-17T20:55:19+00:00\" \/>\n<meta name=\"twitter:card\" content=\"summary_large_image\" \/>\n<meta name=\"twitter:label1\" content=\"Tiempo de lectura\" \/>\n\t<meta name=\"twitter:data1\" content=\"3 minutos\" \/>\n<script type=\"application\/ld+json\" class=\"yoast-schema-graph\">{\"@context\":\"https:\/\/schema.org\",\"@graph\":[{\"@type\":\"Organization\",\"@id\":\"https:\/\/acoinpre.com\/#organization\",\"name\":\"Acoinpre\",\"url\":\"https:\/\/acoinpre.com\/\",\"sameAs\":[\"https:\/\/www.facebook.com\/asociacion.acoinpre\",\"https:\/\/www.instagram.com\/acoinpre\/\"],\"logo\":{\"@type\":\"ImageObject\",\"@id\":\"https:\/\/acoinpre.com\/#logo\",\"inLanguage\":\"es\",\"url\":\"https:\/\/acoinpre.com\/wp-content\/uploads\/2022\/02\/cropped-Acoimpre-logo-2-1.png\",\"contentUrl\":\"https:\/\/acoinpre.com\/wp-content\/uploads\/2022\/02\/cropped-Acoimpre-logo-2-1.png\",\"width\":150,\"height\":64,\"caption\":\"Acoinpre\"},\"image\":{\"@id\":\"https:\/\/acoinpre.com\/#logo\"}},{\"@type\":\"WebSite\",\"@id\":\"https:\/\/acoinpre.com\/#website\",\"url\":\"https:\/\/acoinpre.com\/\",\"name\":\"ACOINPRE.COM\",\"description\":\"Competitividad, Innovaci\u00f3n y Productividad Empresarial\",\"publisher\":{\"@id\":\"https:\/\/acoinpre.com\/#organization\"},\"potentialAction\":[{\"@type\":\"SearchAction\",\"target\":{\"@type\":\"EntryPoint\",\"urlTemplate\":\"https:\/\/acoinpre.com\/?s={search_term_string}\"},\"query-input\":\"required name=search_term_string\"}],\"inLanguage\":\"es\"},{\"@type\":\"WebPage\",\"@id\":\"https:\/\/acoinpre.com\/?page_id=1008#webpage\",\"url\":\"https:\/\/acoinpre.com\/?page_id=1008\",\"name\":\"suspensi\u00f3n - ACOINPRE.COM\",\"isPartOf\":{\"@id\":\"https:\/\/acoinpre.com\/#website\"},\"datePublished\":\"2021-06-03T20:00:25+00:00\",\"dateModified\":\"2022-11-17T20:55:19+00:00\",\"breadcrumb\":{\"@id\":\"https:\/\/acoinpre.com\/?page_id=1008#breadcrumb\"},\"inLanguage\":\"es\",\"potentialAction\":[{\"@type\":\"ReadAction\",\"target\":[\"https:\/\/acoinpre.com\/?page_id=1008\"]}]},{\"@type\":\"BreadcrumbList\",\"@id\":\"https:\/\/acoinpre.com\/?page_id=1008#breadcrumb\",\"itemListElement\":[{\"@type\":\"ListItem\",\"position\":1,\"name\":\"Home\",\"item\":\"https:\/\/acoinpre.com\/\"},{\"@type\":\"ListItem\",\"position\":2,\"name\":\"suspensi\u00f3n\"}]}]}<\/script>\n<!-- \/ Yoast SEO plugin. -->","yoast_head_json":{"title":"suspensi\u00f3n - ACOINPRE.COM","robots":{"index":"index","follow":"follow","max-snippet":"max-snippet:-1","max-image-preview":"max-image-preview:large","max-video-preview":"max-video-preview:-1"},"canonical":"https:\/\/acoinpre.com\/?page_id=1008","og_locale":"es_ES","og_type":"article","og_title":"suspensi\u00f3n - ACOINPRE.COM","og_description":"SUSPENSI\u00d3N Y RETIRO DE LA CERTIFICACI\u00d3N Criterios de suspensi\u00f3n de la certificaci\u00f3n La certificaci\u00f3n otorgada es susceptible de ser suspendida por ACOINPRE, cuando: Existen indicios que el cliente ha hecho uso indebido o ilegal del Certificado de conformidad (falsificaciones, alteraciones, o copias o duplicados del Certificado) Se ha demostrado que en uso de la certificaci\u00f3n [&hellip;]","og_url":"https:\/\/acoinpre.com\/?page_id=1008","og_site_name":"ACOINPRE.COM","article_publisher":"https:\/\/www.facebook.com\/asociacion.acoinpre","article_modified_time":"2022-11-17T20:55:19+00:00","twitter_card":"summary_large_image","twitter_misc":{"Tiempo de lectura":"3 minutos"},"schema":{"@context":"https:\/\/schema.org","@graph":[{"@type":"Organization","@id":"https:\/\/acoinpre.com\/#organization","name":"Acoinpre","url":"https:\/\/acoinpre.com\/","sameAs":["https:\/\/www.facebook.com\/asociacion.acoinpre","https:\/\/www.instagram.com\/acoinpre\/"],"logo":{"@type":"ImageObject","@id":"https:\/\/acoinpre.com\/#logo","inLanguage":"es","url":"https:\/\/acoinpre.com\/wp-content\/uploads\/2022\/02\/cropped-Acoimpre-logo-2-1.png","contentUrl":"https:\/\/acoinpre.com\/wp-content\/uploads\/2022\/02\/cropped-Acoimpre-logo-2-1.png","width":150,"height":64,"caption":"Acoinpre"},"image":{"@id":"https:\/\/acoinpre.com\/#logo"}},{"@type":"WebSite","@id":"https:\/\/acoinpre.com\/#website","url":"https:\/\/acoinpre.com\/","name":"ACOINPRE.COM","description":"Competitividad, Innovaci\u00f3n y Productividad Empresarial","publisher":{"@id":"https:\/\/acoinpre.com\/#organization"},"potentialAction":[{"@type":"SearchAction","target":{"@type":"EntryPoint","urlTemplate":"https:\/\/acoinpre.com\/?s={search_term_string}"},"query-input":"required name=search_term_string"}],"inLanguage":"es"},{"@type":"WebPage","@id":"https:\/\/acoinpre.com\/?page_id=1008#webpage","url":"https:\/\/acoinpre.com\/?page_id=1008","name":"suspensi\u00f3n - ACOINPRE.COM","isPartOf":{"@id":"https:\/\/acoinpre.com\/#website"},"datePublished":"2021-06-03T20:00:25+00:00","dateModified":"2022-11-17T20:55:19+00:00","breadcrumb":{"@id":"https:\/\/acoinpre.com\/?page_id=1008#breadcrumb"},"inLanguage":"es","potentialAction":[{"@type":"ReadAction","target":["https:\/\/acoinpre.com\/?page_id=1008"]}]},{"@type":"BreadcrumbList","@id":"https:\/\/acoinpre.com\/?page_id=1008#breadcrumb","itemListElement":[{"@type":"ListItem","position":1,"name":"Home","item":"https:\/\/acoinpre.com\/"},{"@type":"ListItem","position":2,"name":"suspensi\u00f3n"}]}]}},"_links":{"self":[{"href":"https:\/\/acoinpre.com\/index.php?rest_route=\/wp\/v2\/pages\/1008"}],"collection":[{"href":"https:\/\/acoinpre.com\/index.php?rest_route=\/wp\/v2\/pages"}],"about":[{"href":"https:\/\/acoinpre.com\/index.php?rest_route=\/wp\/v2\/types\/page"}],"author":[{"embeddable":true,"href":"https:\/\/acoinpre.com\/index.php?rest_route=\/wp\/v2\/users\/1"}],"replies":[{"embeddable":true,"href":"https:\/\/acoinpre.com\/index.php?rest_route=%2Fwp%2Fv2%2Fcomments&post=1008"}],"version-history":[{"count":23,"href":"https:\/\/acoinpre.com\/index.php?rest_route=\/wp\/v2\/pages\/1008\/revisions"}],"predecessor-version":[{"id":2191,"href":"https:\/\/acoinpre.com\/index.php?rest_route=\/wp\/v2\/pages\/1008\/revisions\/2191"}],"wp:attachment":[{"href":"https:\/\/acoinpre.com\/index.php?rest_route=%2Fwp%2Fv2%2Fmedia&parent=1008"}],"curies":[{"name":"wp","href":"https:\/\/api.w.org\/{rel}","templated":true}]}}