{"id":1090,"date":"2021-06-09T20:14:02","date_gmt":"2021-06-09T20:14:02","guid":{"rendered":"https:\/\/acoinpre.com\/?page_id=1090"},"modified":"2021-06-09T20:24:51","modified_gmt":"2021-06-09T20:24:51","slug":"productividad-y-competitividad","status":"publish","type":"page","link":"https:\/\/acoinpre.com\/?page_id=1090","title":{"rendered":"Productividad y Competitividad"},"content":{"rendered":"\t\t<div data-elementor-type=\"wp-page\" data-elementor-id=\"1090\" class=\"elementor elementor-1090\" data-elementor-settings=\"[]\">\n\t\t\t\t\t\t<div class=\"elementor-inner\">\n\t\t\t\t\t\t\t<div class=\"elementor-section-wrap\">\n\t\t\t\t\t\t\t<section class=\"elementor-section elementor-top-section elementor-element elementor-element-7cba6f38 elementor-section-content-middle elementor-section-boxed elementor-section-height-default elementor-section-height-default\" data-id=\"7cba6f38\" data-element_type=\"section\">\n\t\t\t\t\t\t<div class=\"elementor-container elementor-column-gap-no\">\n\t\t\t\t\t\t\t<div class=\"elementor-row\">\n\t\t\t\t\t<div class=\"aux-parallax-section elementor-column elementor-col-50 elementor-top-column elementor-element elementor-element-6e53722b\" data-id=\"6e53722b\" data-element_type=\"column\">\n\t\t\t<div class=\"elementor-column-wrap elementor-element-populated\">\n\t\t\t\t\t\t\t<div class=\"elementor-widget-wrap\">\n\t\t\t\t\t\t<div class=\"elementor-element elementor-element-cb2b415 elementor-widget elementor-widget-image\" data-id=\"cb2b415\" data-element_type=\"widget\" data-widget_type=\"image.default\">\n\t\t\t\t<div class=\"elementor-widget-container\">\n\t\t\t\t\t\t\t\t<div class=\"elementor-image\">\n\t\t\t\t\t\t\t\t\t\t\t\t<img width=\"870\" height=\"453\" src=\"https:\/\/acoinpre.com\/wp-content\/uploads\/2021\/06\/wordpress-8.jpg\" class=\"attachment-large size-large\" alt=\"\" loading=\"lazy\" srcset=\"https:\/\/acoinpre.com\/wp-content\/uploads\/2021\/06\/wordpress-8.jpg 870w, https:\/\/acoinpre.com\/wp-content\/uploads\/2021\/06\/wordpress-8-600x312.jpg 600w\" sizes=\"(max-width: 870px) 100vw, 870px\" \/>\t\t\t\t\t\t\t\t\t\t\t\t\t\t<\/div>\n\t\t\t\t\t\t<\/div>\n\t\t\t\t<\/div>\n\t\t\t\t\t\t<\/div>\n\t\t\t\t\t<\/div>\n\t\t<\/div>\n\t\t\t\t<div class=\"aux-parallax-section elementor-column elementor-col-50 elementor-top-column elementor-element elementor-element-752fd280\" data-id=\"752fd280\" data-element_type=\"column\">\n\t\t\t<div class=\"elementor-column-wrap elementor-element-populated\">\n\t\t\t\t\t\t\t<div class=\"elementor-widget-wrap\">\n\t\t\t\t\t\t<div class=\"elementor-element elementor-element-68ef911b elementor-widget elementor-widget-heading\" data-id=\"68ef911b\" data-element_type=\"widget\" data-widget_type=\"heading.default\">\n\t\t\t\t<div class=\"elementor-widget-container\">\n\t\t\t<h2 class=\"elementor-heading-title elementor-size-default\"><h4 style=\"font-family: Poppins, sans-serif; letter-spacing: 1px; font-size: 20px; line-height: 30px; margin-bottom: 0px; text-align: center; white-space: normal;\"><span style=\"font-family: Poppins; font-size: 30px; letter-spacing: 0px; white-space: pre-wrap;\"><\/span><span style=\"font-family: Poppins; font-size: 30px; letter-spacing: 0px; white-space: pre-wrap;\">Productividad y Competitividad  Empresarial<\/span><span style=\"font-family: Poppins; font-size: 30px; letter-spacing: 0px; white-space: pre-wrap;\"><\/span><br><\/h4><\/h2>\t\t<\/div>\n\t\t\t\t<\/div>\n\t\t\t\t<div class=\"elementor-element elementor-element-190c07a5 elementor-widget elementor-widget-text-editor\" data-id=\"190c07a5\" data-element_type=\"widget\" data-widget_type=\"text-editor.default\">\n\t\t\t\t<div class=\"elementor-widget-container\">\n\t\t\t\t\t\t\t\t<div class=\"elementor-text-editor elementor-clearfix\">\n\t\t\t\t<p><span style=\"color: #666666; font-family: Verdana, sans-serif; text-align: justify;\">Ayudamos a las empresas a lograr mejores resultados m\u00e1s eficientes a un menor costo, con el fin de incrementar la satisfacci\u00f3n de los clientes y la rentabilidad.<\/span><\/p>\t\t\t\t\t<\/div>\n\t\t\t\t\t\t<\/div>\n\t\t\t\t<\/div>\n\t\t\t\t<div class=\"elementor-element elementor-element-b2967c9 elementor-widget elementor-widget-text-editor\" data-id=\"b2967c9\" data-element_type=\"widget\" data-widget_type=\"text-editor.default\">\n\t\t\t\t<div class=\"elementor-widget-container\">\n\t\t\t\t\t\t\t\t<div class=\"elementor-text-editor elementor-clearfix\">\n\t\t\t\t<ul><li><span style=\"color: #666666; font-family: Verdana, sans-serif; text-align: justify;\">Optimizaci\u00f3n de Recursos<\/span><\/li><li><span style=\"color: #666666; font-family: Verdana, sans-serif; text-align: justify;\">Optimizaci\u00f3n de Funciones<\/span><\/li><li><span style=\"color: #666666; font-family: Verdana, sans-serif; text-align: justify;\">Automatizaci\u00f3n de Procesos<\/span><\/li><li><span style=\"color: #666666; font-family: Verdana, sans-serif; text-align: justify;\">Optimizaci\u00f3n de Costos<\/span><\/li><li><span style=\"color: #666666; font-family: Verdana, sans-serif; text-align: justify;\">Potencializaci\u00f3n de Capacidades<\/span><\/li><\/ul>\t\t\t\t\t<\/div>\n\t\t\t\t\t\t<\/div>\n\t\t\t\t<\/div>\n\t\t\t\t\t\t<\/div>\n\t\t\t\t\t<\/div>\n\t\t<\/div>\n\t\t\t\t\t\t\t\t<\/div>\n\t\t\t\t\t<\/div>\n\t\t<\/section>\n\t\t\t\t\t\t<\/div>\n\t\t\t\t\t\t<\/div>\n\t\t\t\t\t<\/div>\n\t\t","protected":false},"excerpt":{"rendered":"<p>Productividad y Competitividad Empresarial Ayudamos a las empresas a lograr mejores resultados m\u00e1s eficientes a un menor costo, con el fin de incrementar la satisfacci\u00f3n de los clientes y la rentabilidad. Optimizaci\u00f3n de Recursos Optimizaci\u00f3n de Funciones Automatizaci\u00f3n de Procesos Optimizaci\u00f3n de Costos Potencializaci\u00f3n de Capacidades<\/p>\n","protected":false},"author":1,"featured_media":0,"parent":0,"menu_order":0,"comment_status":"closed","ping_status":"closed","template":"","meta":[],"yoast_head":"<!-- This site is optimized with the Yoast SEO plugin v18.2 - https:\/\/yoast.com\/wordpress\/plugins\/seo\/ -->\n<title>Productividad y Competitividad - ACOINPRE.COM<\/title>\n<meta name=\"robots\" content=\"index, follow, max-snippet:-1, max-image-preview:large, max-video-preview:-1\" \/>\n<link rel=\"canonical\" href=\"https:\/\/acoinpre.com\/?page_id=1090\" \/>\n<meta property=\"og:locale\" content=\"es_ES\" \/>\n<meta property=\"og:type\" content=\"article\" \/>\n<meta property=\"og:title\" content=\"Productividad y Competitividad - ACOINPRE.COM\" \/>\n<meta property=\"og:description\" content=\"Productividad y Competitividad Empresarial Ayudamos a las empresas a lograr mejores resultados m\u00e1s eficientes a un menor costo, con el fin de incrementar la satisfacci\u00f3n de los clientes y la rentabilidad. Optimizaci\u00f3n de Recursos Optimizaci\u00f3n de Funciones Automatizaci\u00f3n de Procesos Optimizaci\u00f3n de Costos Potencializaci\u00f3n de Capacidades\" \/>\n<meta property=\"og:url\" content=\"https:\/\/acoinpre.com\/?page_id=1090\" \/>\n<meta property=\"og:site_name\" content=\"ACOINPRE.COM\" \/>\n<meta property=\"article:publisher\" content=\"https:\/\/www.facebook.com\/asociacion.acoinpre\" \/>\n<meta property=\"article:modified_time\" content=\"2021-06-09T20:24:51+00:00\" \/>\n<meta property=\"og:image\" content=\"https:\/\/acoinpre.com\/wp-content\/uploads\/2021\/06\/wordpress-8.jpg\" \/>\n<meta name=\"twitter:card\" content=\"summary_large_image\" \/>\n<script type=\"application\/ld+json\" class=\"yoast-schema-graph\">{\"@context\":\"https:\/\/schema.org\",\"@graph\":[{\"@type\":\"Organization\",\"@id\":\"https:\/\/acoinpre.com\/#organization\",\"name\":\"Acoinpre\",\"url\":\"https:\/\/acoinpre.com\/\",\"sameAs\":[\"https:\/\/www.facebook.com\/asociacion.acoinpre\",\"https:\/\/www.instagram.com\/acoinpre\/\"],\"logo\":{\"@type\":\"ImageObject\",\"@id\":\"https:\/\/acoinpre.com\/#logo\",\"inLanguage\":\"es\",\"url\":\"https:\/\/acoinpre.com\/wp-content\/uploads\/2022\/02\/cropped-Acoimpre-logo-2-1.png\",\"contentUrl\":\"https:\/\/acoinpre.com\/wp-content\/uploads\/2022\/02\/cropped-Acoimpre-logo-2-1.png\",\"width\":150,\"height\":64,\"caption\":\"Acoinpre\"},\"image\":{\"@id\":\"https:\/\/acoinpre.com\/#logo\"}},{\"@type\":\"WebSite\",\"@id\":\"https:\/\/acoinpre.com\/#website\",\"url\":\"https:\/\/acoinpre.com\/\",\"name\":\"ACOINPRE.COM\",\"description\":\"Competitividad, Innovaci\u00f3n y Productividad Empresarial\",\"publisher\":{\"@id\":\"https:\/\/acoinpre.com\/#organization\"},\"potentialAction\":[{\"@type\":\"SearchAction\",\"target\":{\"@type\":\"EntryPoint\",\"urlTemplate\":\"https:\/\/acoinpre.com\/?s={search_term_string}\"},\"query-input\":\"required name=search_term_string\"}],\"inLanguage\":\"es\"},{\"@type\":\"ImageObject\",\"@id\":\"https:\/\/acoinpre.com\/?page_id=1090#primaryimage\",\"inLanguage\":\"es\",\"url\":\"https:\/\/acoinpre.com\/wp-content\/uploads\/2021\/06\/wordpress-8.jpg\",\"contentUrl\":\"https:\/\/acoinpre.com\/wp-content\/uploads\/2021\/06\/wordpress-8.jpg\",\"width\":870,\"height\":453},{\"@type\":\"WebPage\",\"@id\":\"https:\/\/acoinpre.com\/?page_id=1090#webpage\",\"url\":\"https:\/\/acoinpre.com\/?page_id=1090\",\"name\":\"Productividad y Competitividad - ACOINPRE.COM\",\"isPartOf\":{\"@id\":\"https:\/\/acoinpre.com\/#website\"},\"primaryImageOfPage\":{\"@id\":\"https:\/\/acoinpre.com\/?page_id=1090#primaryimage\"},\"datePublished\":\"2021-06-09T20:14:02+00:00\",\"dateModified\":\"2021-06-09T20:24:51+00:00\",\"breadcrumb\":{\"@id\":\"https:\/\/acoinpre.com\/?page_id=1090#breadcrumb\"},\"inLanguage\":\"es\",\"potentialAction\":[{\"@type\":\"ReadAction\",\"target\":[\"https:\/\/acoinpre.com\/?page_id=1090\"]}]},{\"@type\":\"BreadcrumbList\",\"@id\":\"https:\/\/acoinpre.com\/?page_id=1090#breadcrumb\",\"itemListElement\":[{\"@type\":\"ListItem\",\"position\":1,\"name\":\"Home\",\"item\":\"https:\/\/acoinpre.com\/\"},{\"@type\":\"ListItem\",\"position\":2,\"name\":\"Productividad y Competitividad\"}]}]}<\/script>\n<!-- \/ Yoast SEO plugin. -->","yoast_head_json":{"title":"Productividad y Competitividad - ACOINPRE.COM","robots":{"index":"index","follow":"follow","max-snippet":"max-snippet:-1","max-image-preview":"max-image-preview:large","max-video-preview":"max-video-preview:-1"},"canonical":"https:\/\/acoinpre.com\/?page_id=1090","og_locale":"es_ES","og_type":"article","og_title":"Productividad y Competitividad - ACOINPRE.COM","og_description":"Productividad y Competitividad Empresarial Ayudamos a las empresas a lograr mejores resultados m\u00e1s eficientes a un menor costo, con el fin de incrementar la satisfacci\u00f3n de los clientes y la rentabilidad. Optimizaci\u00f3n de Recursos Optimizaci\u00f3n de Funciones Automatizaci\u00f3n de Procesos Optimizaci\u00f3n de Costos Potencializaci\u00f3n de Capacidades","og_url":"https:\/\/acoinpre.com\/?page_id=1090","og_site_name":"ACOINPRE.COM","article_publisher":"https:\/\/www.facebook.com\/asociacion.acoinpre","article_modified_time":"2021-06-09T20:24:51+00:00","og_image":[{"url":"https:\/\/acoinpre.com\/wp-content\/uploads\/2021\/06\/wordpress-8.jpg"}],"twitter_card":"summary_large_image","schema":{"@context":"https:\/\/schema.org","@graph":[{"@type":"Organization","@id":"https:\/\/acoinpre.com\/#organization","name":"Acoinpre","url":"https:\/\/acoinpre.com\/","sameAs":["https:\/\/www.facebook.com\/asociacion.acoinpre","https:\/\/www.instagram.com\/acoinpre\/"],"logo":{"@type":"ImageObject","@id":"https:\/\/acoinpre.com\/#logo","inLanguage":"es","url":"https:\/\/acoinpre.com\/wp-content\/uploads\/2022\/02\/cropped-Acoimpre-logo-2-1.png","contentUrl":"https:\/\/acoinpre.com\/wp-content\/uploads\/2022\/02\/cropped-Acoimpre-logo-2-1.png","width":150,"height":64,"caption":"Acoinpre"},"image":{"@id":"https:\/\/acoinpre.com\/#logo"}},{"@type":"WebSite","@id":"https:\/\/acoinpre.com\/#website","url":"https:\/\/acoinpre.com\/","name":"ACOINPRE.COM","description":"Competitividad, Innovaci\u00f3n y Productividad Empresarial","publisher":{"@id":"https:\/\/acoinpre.com\/#organization"},"potentialAction":[{"@type":"SearchAction","target":{"@type":"EntryPoint","urlTemplate":"https:\/\/acoinpre.com\/?s={search_term_string}"},"query-input":"required name=search_term_string"}],"inLanguage":"es"},{"@type":"ImageObject","@id":"https:\/\/acoinpre.com\/?page_id=1090#primaryimage","inLanguage":"es","url":"https:\/\/acoinpre.com\/wp-content\/uploads\/2021\/06\/wordpress-8.jpg","contentUrl":"https:\/\/acoinpre.com\/wp-content\/uploads\/2021\/06\/wordpress-8.jpg","width":870,"height":453},{"@type":"WebPage","@id":"https:\/\/acoinpre.com\/?page_id=1090#webpage","url":"https:\/\/acoinpre.com\/?page_id=1090","name":"Productividad y Competitividad - ACOINPRE.COM","isPartOf":{"@id":"https:\/\/acoinpre.com\/#website"},"primaryImageOfPage":{"@id":"https:\/\/acoinpre.com\/?page_id=1090#primaryimage"},"datePublished":"2021-06-09T20:14:02+00:00","dateModified":"2021-06-09T20:24:51+00:00","breadcrumb":{"@id":"https:\/\/acoinpre.com\/?page_id=1090#breadcrumb"},"inLanguage":"es","potentialAction":[{"@type":"ReadAction","target":["https:\/\/acoinpre.com\/?page_id=1090"]}]},{"@type":"BreadcrumbList","@id":"https:\/\/acoinpre.com\/?page_id=1090#breadcrumb","itemListElement":[{"@type":"ListItem","position":1,"name":"Home","item":"https:\/\/acoinpre.com\/"},{"@type":"ListItem","position":2,"name":"Productividad y Competitividad"}]}]}},"_links":{"self":[{"href":"https:\/\/acoinpre.com\/index.php?rest_route=\/wp\/v2\/pages\/1090"}],"collection":[{"href":"https:\/\/acoinpre.com\/index.php?rest_route=\/wp\/v2\/pages"}],"about":[{"href":"https:\/\/acoinpre.com\/index.php?rest_route=\/wp\/v2\/types\/page"}],"author":[{"embeddable":true,"href":"https:\/\/acoinpre.com\/index.php?rest_route=\/wp\/v2\/users\/1"}],"replies":[{"embeddable":true,"href":"https:\/\/acoinpre.com\/index.php?rest_route=%2Fwp%2Fv2%2Fcomments&post=1090"}],"version-history":[{"count":10,"href":"https:\/\/acoinpre.com\/index.php?rest_route=\/wp\/v2\/pages\/1090\/revisions"}],"predecessor-version":[{"id":1104,"href":"https:\/\/acoinpre.com\/index.php?rest_route=\/wp\/v2\/pages\/1090\/revisions\/1104"}],"wp:attachment":[{"href":"https:\/\/acoinpre.com\/index.php?rest_route=%2Fwp%2Fv2%2Fmedia&parent=1090"}],"curies":[{"name":"wp","href":"https:\/\/api.w.org\/{rel}","templated":true}]}}