{"id":1107,"date":"2021-06-09T21:12:22","date_gmt":"2021-06-09T21:12:22","guid":{"rendered":"https:\/\/acoinpre.com\/?page_id=1107"},"modified":"2021-06-09T21:21:41","modified_gmt":"2021-06-09T21:21:41","slug":"expansion","status":"publish","type":"page","link":"https:\/\/acoinpre.com\/?page_id=1107","title":{"rendered":"Expansi\u00f3n"},"content":{"rendered":"\t\t<div data-elementor-type=\"wp-page\" data-elementor-id=\"1107\" class=\"elementor elementor-1107\" data-elementor-settings=\"[]\">\n\t\t\t\t\t\t<div class=\"elementor-inner\">\n\t\t\t\t\t\t\t<div class=\"elementor-section-wrap\">\n\t\t\t\t\t\t\t<section class=\"elementor-section elementor-top-section elementor-element elementor-element-f4c6cec elementor-section-content-middle elementor-section-boxed elementor-section-height-default elementor-section-height-default\" data-id=\"f4c6cec\" data-element_type=\"section\">\n\t\t\t\t\t\t<div class=\"elementor-container elementor-column-gap-no\">\n\t\t\t\t\t\t\t<div class=\"elementor-row\">\n\t\t\t\t\t<div class=\"aux-parallax-section elementor-column elementor-col-100 elementor-top-column elementor-element elementor-element-72159c62\" data-id=\"72159c62\" data-element_type=\"column\">\n\t\t\t<div class=\"elementor-column-wrap elementor-element-populated\">\n\t\t\t\t\t\t\t<div class=\"elementor-widget-wrap\">\n\t\t\t\t\t\t<div class=\"elementor-element elementor-element-1a5f8422 elementor-widget elementor-widget-heading\" data-id=\"1a5f8422\" data-element_type=\"widget\" data-widget_type=\"heading.default\">\n\t\t\t\t<div class=\"elementor-widget-container\">\n\t\t\t<h4 class=\"elementor-heading-title elementor-size-default\">Expansi\u00f3n y Diversificaci\u00f3n<\/h4>\t\t<\/div>\n\t\t\t\t<\/div>\n\t\t\t\t<section class=\"elementor-section elementor-inner-section elementor-element elementor-element-e50404f elementor-section-content-middle elementor-section-boxed elementor-section-height-default elementor-section-height-default\" data-id=\"e50404f\" data-element_type=\"section\">\n\t\t\t\t\t\t<div class=\"elementor-container elementor-column-gap-no\">\n\t\t\t\t\t\t\t<div class=\"elementor-row\">\n\t\t\t\t\t<div class=\"aux-parallax-section elementor-column elementor-col-50 elementor-inner-column elementor-element elementor-element-18dea45d\" data-id=\"18dea45d\" data-element_type=\"column\">\n\t\t\t<div class=\"elementor-column-wrap elementor-element-populated\">\n\t\t\t\t\t\t\t<div class=\"elementor-widget-wrap\">\n\t\t\t\t\t\t<div class=\"elementor-element elementor-element-b89f033 elementor-view-default elementor-widget elementor-widget-icon\" data-id=\"b89f033\" data-element_type=\"widget\" data-widget_type=\"icon.default\">\n\t\t\t\t<div class=\"elementor-widget-container\">\n\t\t\t\t\t<div class=\"elementor-icon-wrapper\">\n\t\t\t<div class=\"elementor-icon\">\n\t\t\t<i aria-hidden=\"true\" class=\"fas fa-signal\"><\/i>\t\t\t<\/div>\n\t\t<\/div>\n\t\t\t\t<\/div>\n\t\t\t\t<\/div>\n\t\t\t\t\t\t<\/div>\n\t\t\t\t\t<\/div>\n\t\t<\/div>\n\t\t\t\t<div class=\"aux-parallax-section elementor-column elementor-col-50 elementor-inner-column elementor-element elementor-element-13ddb8\" data-id=\"13ddb8\" data-element_type=\"column\">\n\t\t\t<div class=\"elementor-column-wrap elementor-element-populated\">\n\t\t\t\t\t\t\t<div class=\"elementor-widget-wrap\">\n\t\t\t\t\t\t<div class=\"elementor-element elementor-element-1edba3aa elementor-widget elementor-widget-text-editor\" data-id=\"1edba3aa\" data-element_type=\"widget\" data-widget_type=\"text-editor.default\">\n\t\t\t\t<div class=\"elementor-widget-container\">\n\t\t\t\t\t\t\t\t<div class=\"elementor-text-editor elementor-clearfix\">\n\t\t\t\t<p><span style=\"color: #000000; font-family: Montserrat, sans-serif;\">El crecimiento de una empresa es fundamental para la generaci\u00f3n de valor, una expansi\u00f3n ordenada financieramente garantiza el \u00e9xito del proceso intensificando el esfuerzo en la actividad actual de la empresa. En funci\u00f3n del mantenimiento o no del mercado actual y la mejora de los productos ofrecidos se puede distinguir entre las siguientes estrategias de expansi\u00f3n<\/span><font color=\"#626262\" face=\"BentonSansBBVA-Book, Helvetica, Arial, sans-serif\"><span style=\"font-size: 15px;\">:<\/span><\/font><\/p>\n<p><font color=\"#626262\" face=\"BentonSansBBVA-Book, Helvetica, Arial, sans-serif\"><\/font><\/p><font color=\"#626262\" face=\"BentonSansBBVA-Book, Helvetica, Arial, sans-serif\"><i>\n<\/i><ul>\n<li><font color=\"#626262\" face=\"BentonSansBBVA-Book, Helvetica, Arial, sans-serif\"><span style=\"font-size: 15px;\"><i>Estrategias de Expansi\u00f3n<\/i><\/span><\/font><\/li>\n<li><font color=\"#626262\" face=\"BentonSansBBVA-Book, Helvetica, Arial, sans-serif\"><span style=\"font-size: 15px;\"><i>Estrategias de Diversificaci\u00f3n<\/i><\/span><\/font><\/li>\n<\/ul>\n<\/font><p><font color=\"#626262\" face=\"BentonSansBBVA-Book, Helvetica, Arial, sans-serif\"><\/font><\/p>\n<p><font color=\"#626262\" face=\"BentonSansBBVA-Book, Helvetica, Arial, sans-serif\"><\/font><\/p>\t\t\t\t\t<\/div>\n\t\t\t\t\t\t<\/div>\n\t\t\t\t<\/div>\n\t\t\t\t\t\t<\/div>\n\t\t\t\t\t<\/div>\n\t\t<\/div>\n\t\t\t\t\t\t\t\t<\/div>\n\t\t\t\t\t<\/div>\n\t\t<\/section>\n\t\t\t\t\t\t<\/div>\n\t\t\t\t\t<\/div>\n\t\t<\/div>\n\t\t\t\t\t\t\t\t<\/div>\n\t\t\t\t\t<\/div>\n\t\t<\/section>\n\t\t\t\t\t\t<\/div>\n\t\t\t\t\t\t<\/div>\n\t\t\t\t\t<\/div>\n\t\t","protected":false},"excerpt":{"rendered":"<p>Expansi\u00f3n y Diversificaci\u00f3n El crecimiento de una empresa es fundamental para la generaci\u00f3n de valor, una expansi\u00f3n ordenada financieramente garantiza el \u00e9xito del proceso intensificando el esfuerzo en la actividad actual de la empresa. En funci\u00f3n del mantenimiento o no del mercado actual y la mejora de los productos ofrecidos se puede distinguir entre las [&hellip;]<\/p>\n","protected":false},"author":1,"featured_media":0,"parent":0,"menu_order":0,"comment_status":"closed","ping_status":"closed","template":"","meta":[],"yoast_head":"<!-- This site is optimized with the Yoast SEO plugin v18.2 - https:\/\/yoast.com\/wordpress\/plugins\/seo\/ -->\n<title>Expansi\u00f3n - ACOINPRE.COM<\/title>\n<meta name=\"robots\" content=\"index, follow, max-snippet:-1, max-image-preview:large, max-video-preview:-1\" \/>\n<link rel=\"canonical\" href=\"https:\/\/acoinpre.com\/?page_id=1107\" \/>\n<meta property=\"og:locale\" content=\"es_ES\" \/>\n<meta property=\"og:type\" content=\"article\" \/>\n<meta property=\"og:title\" content=\"Expansi\u00f3n - ACOINPRE.COM\" \/>\n<meta property=\"og:description\" content=\"Expansi\u00f3n y Diversificaci\u00f3n El crecimiento de una empresa es fundamental para la generaci\u00f3n de valor, una expansi\u00f3n ordenada financieramente garantiza el \u00e9xito del proceso intensificando el esfuerzo en la actividad actual de la empresa. En funci\u00f3n del mantenimiento o no del mercado actual y la mejora de los productos ofrecidos se puede distinguir entre las [&hellip;]\" \/>\n<meta property=\"og:url\" content=\"https:\/\/acoinpre.com\/?page_id=1107\" \/>\n<meta property=\"og:site_name\" content=\"ACOINPRE.COM\" \/>\n<meta property=\"article:publisher\" content=\"https:\/\/www.facebook.com\/asociacion.acoinpre\" \/>\n<meta property=\"article:modified_time\" content=\"2021-06-09T21:21:41+00:00\" \/>\n<meta name=\"twitter:card\" content=\"summary_large_image\" \/>\n<script type=\"application\/ld+json\" class=\"yoast-schema-graph\">{\"@context\":\"https:\/\/schema.org\",\"@graph\":[{\"@type\":\"Organization\",\"@id\":\"https:\/\/acoinpre.com\/#organization\",\"name\":\"Acoinpre\",\"url\":\"https:\/\/acoinpre.com\/\",\"sameAs\":[\"https:\/\/www.facebook.com\/asociacion.acoinpre\",\"https:\/\/www.instagram.com\/acoinpre\/\"],\"logo\":{\"@type\":\"ImageObject\",\"@id\":\"https:\/\/acoinpre.com\/#logo\",\"inLanguage\":\"es\",\"url\":\"https:\/\/acoinpre.com\/wp-content\/uploads\/2022\/02\/cropped-Acoimpre-logo-2-1.png\",\"contentUrl\":\"https:\/\/acoinpre.com\/wp-content\/uploads\/2022\/02\/cropped-Acoimpre-logo-2-1.png\",\"width\":150,\"height\":64,\"caption\":\"Acoinpre\"},\"image\":{\"@id\":\"https:\/\/acoinpre.com\/#logo\"}},{\"@type\":\"WebSite\",\"@id\":\"https:\/\/acoinpre.com\/#website\",\"url\":\"https:\/\/acoinpre.com\/\",\"name\":\"ACOINPRE.COM\",\"description\":\"Competitividad, Innovaci\u00f3n y Productividad Empresarial\",\"publisher\":{\"@id\":\"https:\/\/acoinpre.com\/#organization\"},\"potentialAction\":[{\"@type\":\"SearchAction\",\"target\":{\"@type\":\"EntryPoint\",\"urlTemplate\":\"https:\/\/acoinpre.com\/?s={search_term_string}\"},\"query-input\":\"required name=search_term_string\"}],\"inLanguage\":\"es\"},{\"@type\":\"WebPage\",\"@id\":\"https:\/\/acoinpre.com\/?page_id=1107#webpage\",\"url\":\"https:\/\/acoinpre.com\/?page_id=1107\",\"name\":\"Expansi\u00f3n - ACOINPRE.COM\",\"isPartOf\":{\"@id\":\"https:\/\/acoinpre.com\/#website\"},\"datePublished\":\"2021-06-09T21:12:22+00:00\",\"dateModified\":\"2021-06-09T21:21:41+00:00\",\"breadcrumb\":{\"@id\":\"https:\/\/acoinpre.com\/?page_id=1107#breadcrumb\"},\"inLanguage\":\"es\",\"potentialAction\":[{\"@type\":\"ReadAction\",\"target\":[\"https:\/\/acoinpre.com\/?page_id=1107\"]}]},{\"@type\":\"BreadcrumbList\",\"@id\":\"https:\/\/acoinpre.com\/?page_id=1107#breadcrumb\",\"itemListElement\":[{\"@type\":\"ListItem\",\"position\":1,\"name\":\"Home\",\"item\":\"https:\/\/acoinpre.com\/\"},{\"@type\":\"ListItem\",\"position\":2,\"name\":\"Expansi\u00f3n\"}]}]}<\/script>\n<!-- \/ Yoast SEO plugin. -->","yoast_head_json":{"title":"Expansi\u00f3n - ACOINPRE.COM","robots":{"index":"index","follow":"follow","max-snippet":"max-snippet:-1","max-image-preview":"max-image-preview:large","max-video-preview":"max-video-preview:-1"},"canonical":"https:\/\/acoinpre.com\/?page_id=1107","og_locale":"es_ES","og_type":"article","og_title":"Expansi\u00f3n - ACOINPRE.COM","og_description":"Expansi\u00f3n y Diversificaci\u00f3n El crecimiento de una empresa es fundamental para la generaci\u00f3n de valor, una expansi\u00f3n ordenada financieramente garantiza el \u00e9xito del proceso intensificando el esfuerzo en la actividad actual de la empresa. En funci\u00f3n del mantenimiento o no del mercado actual y la mejora de los productos ofrecidos se puede distinguir entre las [&hellip;]","og_url":"https:\/\/acoinpre.com\/?page_id=1107","og_site_name":"ACOINPRE.COM","article_publisher":"https:\/\/www.facebook.com\/asociacion.acoinpre","article_modified_time":"2021-06-09T21:21:41+00:00","twitter_card":"summary_large_image","schema":{"@context":"https:\/\/schema.org","@graph":[{"@type":"Organization","@id":"https:\/\/acoinpre.com\/#organization","name":"Acoinpre","url":"https:\/\/acoinpre.com\/","sameAs":["https:\/\/www.facebook.com\/asociacion.acoinpre","https:\/\/www.instagram.com\/acoinpre\/"],"logo":{"@type":"ImageObject","@id":"https:\/\/acoinpre.com\/#logo","inLanguage":"es","url":"https:\/\/acoinpre.com\/wp-content\/uploads\/2022\/02\/cropped-Acoimpre-logo-2-1.png","contentUrl":"https:\/\/acoinpre.com\/wp-content\/uploads\/2022\/02\/cropped-Acoimpre-logo-2-1.png","width":150,"height":64,"caption":"Acoinpre"},"image":{"@id":"https:\/\/acoinpre.com\/#logo"}},{"@type":"WebSite","@id":"https:\/\/acoinpre.com\/#website","url":"https:\/\/acoinpre.com\/","name":"ACOINPRE.COM","description":"Competitividad, Innovaci\u00f3n y Productividad Empresarial","publisher":{"@id":"https:\/\/acoinpre.com\/#organization"},"potentialAction":[{"@type":"SearchAction","target":{"@type":"EntryPoint","urlTemplate":"https:\/\/acoinpre.com\/?s={search_term_string}"},"query-input":"required name=search_term_string"}],"inLanguage":"es"},{"@type":"WebPage","@id":"https:\/\/acoinpre.com\/?page_id=1107#webpage","url":"https:\/\/acoinpre.com\/?page_id=1107","name":"Expansi\u00f3n - ACOINPRE.COM","isPartOf":{"@id":"https:\/\/acoinpre.com\/#website"},"datePublished":"2021-06-09T21:12:22+00:00","dateModified":"2021-06-09T21:21:41+00:00","breadcrumb":{"@id":"https:\/\/acoinpre.com\/?page_id=1107#breadcrumb"},"inLanguage":"es","potentialAction":[{"@type":"ReadAction","target":["https:\/\/acoinpre.com\/?page_id=1107"]}]},{"@type":"BreadcrumbList","@id":"https:\/\/acoinpre.com\/?page_id=1107#breadcrumb","itemListElement":[{"@type":"ListItem","position":1,"name":"Home","item":"https:\/\/acoinpre.com\/"},{"@type":"ListItem","position":2,"name":"Expansi\u00f3n"}]}]}},"_links":{"self":[{"href":"https:\/\/acoinpre.com\/index.php?rest_route=\/wp\/v2\/pages\/1107"}],"collection":[{"href":"https:\/\/acoinpre.com\/index.php?rest_route=\/wp\/v2\/pages"}],"about":[{"href":"https:\/\/acoinpre.com\/index.php?rest_route=\/wp\/v2\/types\/page"}],"author":[{"embeddable":true,"href":"https:\/\/acoinpre.com\/index.php?rest_route=\/wp\/v2\/users\/1"}],"replies":[{"embeddable":true,"href":"https:\/\/acoinpre.com\/index.php?rest_route=%2Fwp%2Fv2%2Fcomments&post=1107"}],"version-history":[{"count":7,"href":"https:\/\/acoinpre.com\/index.php?rest_route=\/wp\/v2\/pages\/1107\/revisions"}],"predecessor-version":[{"id":1116,"href":"https:\/\/acoinpre.com\/index.php?rest_route=\/wp\/v2\/pages\/1107\/revisions\/1116"}],"wp:attachment":[{"href":"https:\/\/acoinpre.com\/index.php?rest_route=%2Fwp%2Fv2%2Fmedia&parent=1107"}],"curies":[{"name":"wp","href":"https:\/\/api.w.org\/{rel}","templated":true}]}}